{"id":90,"date":"2017-03-18T08:34:17","date_gmt":"2017-03-18T08:34:17","guid":{"rendered":"http:\/\/www.animagina.com\/wordpress\/?page_id=90"},"modified":"2017-03-18T08:34:17","modified_gmt":"2017-03-18T08:34:17","slug":"animacion","status":"publish","type":"page","link":"https:\/\/www.animagina.com\/wordpress\/animacion\/","title":{"rendered":"Animaci\u00f3n"},"content":{"rendered":"<p><a href=\"https:\/\/www.youtube.com\/watch?v=5N4CtbUAohg&amp;t=51s\">Menuda vida la m\u00eda<\/a> &#8211; Cortometraje de animaci\u00f3n 3D. A\u00f1o 2002<\/p>\n<p><a href=\"https:\/\/www.youtube.com\/watch?v=mokybZc5HOE&amp;t=243s\">Cody<\/a> &#8211; Cortometraje de animaci\u00f3n 3D. A\u00f1o 2003<\/p>\n<p><a href=\"https:\/\/www.youtube.com\/watch?v=mttA0lgTHoE&amp;t=1s\">Mosquis<\/a> &#8211; Cortometraje de animaci\u00f3n 3D. A\u00f1o 2003<\/p>\n<p><a href=\"https:\/\/www.youtube.com\/watch?v=aFPD5rHdkhY&amp;t=2s\">Mi Corto<\/a> &#8211; Cortometraje de animaci\u00f3n 3D. A\u00f1o 2006<\/p>\n<p>&nbsp;<\/p>\n","protected":false},"excerpt":{"rendered":"<p>Menuda vida la m\u00eda &#8211; Cortometraje de animaci\u00f3n 3D. A\u00f1o 2002 Cody &#8211; Cortometraje de animaci\u00f3n 3D. A\u00f1o 2003 Mosquis &#8211; Cortometraje de animaci\u00f3n 3D. A\u00f1o 2003 Mi Corto &#8211; Cortometraje de animaci\u00f3n 3D. A\u00f1o 2006 &nbsp;<\/p>\n","protected":false},"author":2,"featured_media":0,"parent":0,"menu_order":0,"comment_status":"closed","ping_status":"closed","template":"","meta":{"footnotes":""},"class_list":["post-90","page","type-page","status-publish","hentry"],"_links":{"self":[{"href":"https:\/\/www.animagina.com\/wordpress\/wp-json\/wp\/v2\/pages\/90","targetHints":{"allow":["GET"]}}],"collection":[{"href":"https:\/\/www.animagina.com\/wordpress\/wp-json\/wp\/v2\/pages"}],"about":[{"href":"https:\/\/www.animagina.com\/wordpress\/wp-json\/wp\/v2\/types\/page"}],"author":[{"embeddable":true,"href":"https:\/\/www.animagina.com\/wordpress\/wp-json\/wp\/v2\/users\/2"}],"replies":[{"embeddable":true,"href":"https:\/\/www.animagina.com\/wordpress\/wp-json\/wp\/v2\/comments?post=90"}],"version-history":[{"count":1,"href":"https:\/\/www.animagina.com\/wordpress\/wp-json\/wp\/v2\/pages\/90\/revisions"}],"predecessor-version":[{"id":91,"href":"https:\/\/www.animagina.com\/wordpress\/wp-json\/wp\/v2\/pages\/90\/revisions\/91"}],"wp:attachment":[{"href":"https:\/\/www.animagina.com\/wordpress\/wp-json\/wp\/v2\/media?parent=90"}],"curies":[{"name":"wp","href":"https:\/\/api.w.org\/{rel}","templated":true}]}}